{"id":1113,"date":"2025-09-11T17:21:28","date_gmt":"2025-09-12T00:21:28","guid":{"rendered":"https:\/\/biologicosbm.com.mx\/test\/producto\/biofosilic\/"},"modified":"2025-11-28T13:37:39","modified_gmt":"2025-11-28T20:37:39","slug":"biofosilic","status":"publish","type":"product","link":"https:\/\/biologicosbm.com.mx\/test\/producto\/biofosilic\/","title":{"rendered":"BIOFOSILIC"},"content":{"rendered":"<p>Es un fertilizanteMultimineral rico en SILICIO que aporta macro y micronutrientes para aumentar y mejorar la producci\u00f3n y rendimientos de las cosechas, F\u00f3sforo (P), Calcio (Ca), Magnesio (Mg) y Bi\u00f3xido de Carbono (CO2), Silicio (amorfo activo), Hierro (FeO), para una agricultura amigable con el medio ambiente y que puede ser aplicado en cualquier \u00e9poca del a\u00f1o, se recomienda aplicar antes de la siembra durante la fertilizaci\u00f3n de pre siembra.<\/p>\n","protected":false},"excerpt":{"rendered":"<p>Fertilizante mineral rico en silicio para uso agr\u00edcola<\/p>\n","protected":false},"featured_media":1253,"comment_status":"open","ping_status":"closed","template":"","meta":{"_acf_changed":false,"_et_pb_use_builder":"","_et_pb_old_content":"","_et_gb_content_width":""},"product_brand":[],"product_cat":[122,149],"product_tag":[123],"class_list":{"0":"post-1113","1":"product","2":"type-product","3":"status-publish","4":"has-post-thumbnail","6":"product_cat-agricultura","7":"product_cat-home","8":"product_tag-agricultura","10":"first","11":"instock","12":"shipping-taxable","13":"product-type-simple"},"acf":[],"yoast_head":"<!-- This site is optimized with the Yoast SEO plugin v25.6 - https:\/\/yoast.com\/wordpress\/plugins\/seo\/ -->\n<title>BIOFOSILIC - BBM<\/title>\n<meta name=\"robots\" content=\"index, follow, max-snippet:-1, max-image-preview:large, max-video-preview:-1\" \/>\n<link rel=\"canonical\" href=\"https:\/\/biologicosbm.com.mx\/test\/producto\/biofosilic\/\" \/>\n<meta property=\"og:locale\" content=\"es_ES\" \/>\n<meta property=\"og:type\" content=\"article\" \/>\n<meta property=\"og:title\" content=\"BIOFOSILIC - BBM\" \/>\n<meta property=\"og:description\" content=\"Fertilizante mineral rico en silicio para uso agr\u00edcola\" \/>\n<meta property=\"og:url\" content=\"https:\/\/biologicosbm.com.mx\/test\/producto\/biofosilic\/\" \/>\n<meta property=\"og:site_name\" content=\"BBM\" \/>\n<meta property=\"article:publisher\" content=\"https:\/\/www.facebook.com\/biologicosbm\" \/>\n<meta property=\"article:modified_time\" content=\"2025-11-28T20:37:39+00:00\" \/>\n<meta property=\"og:image\" content=\"https:\/\/biologicosbm.com.mx\/test\/wp-content\/uploads\/2025\/11\/Biofosilic.webp\" \/>\n\t<meta property=\"og:image:width\" content=\"1920\" \/>\n\t<meta property=\"og:image:height\" content=\"1920\" \/>\n\t<meta property=\"og:image:type\" content=\"image\/webp\" \/>\n<meta name=\"twitter:card\" content=\"summary_large_image\" \/>\n<meta name=\"twitter:label1\" content=\"Tiempo de lectura\" \/>\n\t<meta name=\"twitter:data1\" content=\"1 minuto\" \/>\n<script type=\"application\/ld+json\" class=\"yoast-schema-graph\">{\"@context\":\"https:\/\/schema.org\",\"@graph\":[{\"@type\":\"WebPage\",\"@id\":\"https:\/\/biologicosbm.com.mx\/test\/producto\/biofosilic\/\",\"url\":\"https:\/\/biologicosbm.com.mx\/test\/producto\/biofosilic\/\",\"name\":\"BIOFOSILIC - BBM\",\"isPartOf\":{\"@id\":\"https:\/\/biologicosbm.com.mx\/test\/#website\"},\"primaryImageOfPage\":{\"@id\":\"https:\/\/biologicosbm.com.mx\/test\/producto\/biofosilic\/#primaryimage\"},\"image\":{\"@id\":\"https:\/\/biologicosbm.com.mx\/test\/producto\/biofosilic\/#primaryimage\"},\"thumbnailUrl\":\"https:\/\/biologicosbm.com.mx\/test\/wp-content\/uploads\/2025\/11\/Biofosilic.webp\",\"datePublished\":\"2025-09-12T00:21:28+00:00\",\"dateModified\":\"2025-11-28T20:37:39+00:00\",\"breadcrumb\":{\"@id\":\"https:\/\/biologicosbm.com.mx\/test\/producto\/biofosilic\/#breadcrumb\"},\"inLanguage\":\"es\",\"potentialAction\":[{\"@type\":\"ReadAction\",\"target\":[\"https:\/\/biologicosbm.com.mx\/test\/producto\/biofosilic\/\"]}]},{\"@type\":\"ImageObject\",\"inLanguage\":\"es\",\"@id\":\"https:\/\/biologicosbm.com.mx\/test\/producto\/biofosilic\/#primaryimage\",\"url\":\"https:\/\/biologicosbm.com.mx\/test\/wp-content\/uploads\/2025\/11\/Biofosilic.webp\",\"contentUrl\":\"https:\/\/biologicosbm.com.mx\/test\/wp-content\/uploads\/2025\/11\/Biofosilic.webp\",\"width\":1920,\"height\":1920},{\"@type\":\"BreadcrumbList\",\"@id\":\"https:\/\/biologicosbm.com.mx\/test\/producto\/biofosilic\/#breadcrumb\",\"itemListElement\":[{\"@type\":\"ListItem\",\"position\":1,\"name\":\"Portada\",\"item\":\"https:\/\/biologicosbm.com.mx\/test\/\"},{\"@type\":\"ListItem\",\"position\":2,\"name\":\"Catalogo\",\"item\":\"https:\/\/biologicosbm.com.mx\/test\/catalogo\/\"},{\"@type\":\"ListItem\",\"position\":3,\"name\":\"BIOFOSILIC\"}]},{\"@type\":\"WebSite\",\"@id\":\"https:\/\/biologicosbm.com.mx\/test\/#website\",\"url\":\"https:\/\/biologicosbm.com.mx\/test\/\",\"name\":\"https:\/\/biologicosbm.com.mx\/\",\"description\":\"Biol\u00f3gicos y Biotecnol\u00f3gias de M\u00e9xico SA de CV\",\"publisher\":{\"@id\":\"https:\/\/biologicosbm.com.mx\/test\/#organization\"},\"potentialAction\":[{\"@type\":\"SearchAction\",\"target\":{\"@type\":\"EntryPoint\",\"urlTemplate\":\"https:\/\/biologicosbm.com.mx\/test\/?s={search_term_string}\"},\"query-input\":{\"@type\":\"PropertyValueSpecification\",\"valueRequired\":true,\"valueName\":\"search_term_string\"}}],\"inLanguage\":\"es\"},{\"@type\":\"Organization\",\"@id\":\"https:\/\/biologicosbm.com.mx\/test\/#organization\",\"name\":\"Biol\u00f3gicos y Biotecnolog\u00edas de M\u00e9xico S.A. de C.V.\",\"url\":\"https:\/\/biologicosbm.com.mx\/test\/\",\"logo\":{\"@type\":\"ImageObject\",\"inLanguage\":\"es\",\"@id\":\"https:\/\/biologicosbm.com.mx\/test\/#\/schema\/logo\/image\/\",\"url\":\"https:\/\/biologicosbm.com.mx\/test\/wp-content\/uploads\/2024\/06\/logo1.png\",\"contentUrl\":\"https:\/\/biologicosbm.com.mx\/test\/wp-content\/uploads\/2024\/06\/logo1.png\",\"width\":512,\"height\":512,\"caption\":\"Biol\u00f3gicos y Biotecnolog\u00edas de M\u00e9xico S.A. de C.V.\"},\"image\":{\"@id\":\"https:\/\/biologicosbm.com.mx\/test\/#\/schema\/logo\/image\/\"},\"sameAs\":[\"https:\/\/www.facebook.com\/biologicosbm\"]}]}<\/script>\n<!-- \/ Yoast SEO plugin. -->","yoast_head_json":{"title":"BIOFOSILIC - BBM","robots":{"index":"index","follow":"follow","max-snippet":"max-snippet:-1","max-image-preview":"max-image-preview:large","max-video-preview":"max-video-preview:-1"},"canonical":"https:\/\/biologicosbm.com.mx\/test\/producto\/biofosilic\/","og_locale":"es_ES","og_type":"article","og_title":"BIOFOSILIC - BBM","og_description":"Fertilizante mineral rico en silicio para uso agr\u00edcola","og_url":"https:\/\/biologicosbm.com.mx\/test\/producto\/biofosilic\/","og_site_name":"BBM","article_publisher":"https:\/\/www.facebook.com\/biologicosbm","article_modified_time":"2025-11-28T20:37:39+00:00","og_image":[{"width":1920,"height":1920,"url":"https:\/\/biologicosbm.com.mx\/test\/wp-content\/uploads\/2025\/11\/Biofosilic.webp","type":"image\/webp"}],"twitter_card":"summary_large_image","twitter_misc":{"Tiempo de lectura":"1 minuto"},"schema":{"@context":"https:\/\/schema.org","@graph":[{"@type":"WebPage","@id":"https:\/\/biologicosbm.com.mx\/test\/producto\/biofosilic\/","url":"https:\/\/biologicosbm.com.mx\/test\/producto\/biofosilic\/","name":"BIOFOSILIC - BBM","isPartOf":{"@id":"https:\/\/biologicosbm.com.mx\/test\/#website"},"primaryImageOfPage":{"@id":"https:\/\/biologicosbm.com.mx\/test\/producto\/biofosilic\/#primaryimage"},"image":{"@id":"https:\/\/biologicosbm.com.mx\/test\/producto\/biofosilic\/#primaryimage"},"thumbnailUrl":"https:\/\/biologicosbm.com.mx\/test\/wp-content\/uploads\/2025\/11\/Biofosilic.webp","datePublished":"2025-09-12T00:21:28+00:00","dateModified":"2025-11-28T20:37:39+00:00","breadcrumb":{"@id":"https:\/\/biologicosbm.com.mx\/test\/producto\/biofosilic\/#breadcrumb"},"inLanguage":"es","potentialAction":[{"@type":"ReadAction","target":["https:\/\/biologicosbm.com.mx\/test\/producto\/biofosilic\/"]}]},{"@type":"ImageObject","inLanguage":"es","@id":"https:\/\/biologicosbm.com.mx\/test\/producto\/biofosilic\/#primaryimage","url":"https:\/\/biologicosbm.com.mx\/test\/wp-content\/uploads\/2025\/11\/Biofosilic.webp","contentUrl":"https:\/\/biologicosbm.com.mx\/test\/wp-content\/uploads\/2025\/11\/Biofosilic.webp","width":1920,"height":1920},{"@type":"BreadcrumbList","@id":"https:\/\/biologicosbm.com.mx\/test\/producto\/biofosilic\/#breadcrumb","itemListElement":[{"@type":"ListItem","position":1,"name":"Portada","item":"https:\/\/biologicosbm.com.mx\/test\/"},{"@type":"ListItem","position":2,"name":"Catalogo","item":"https:\/\/biologicosbm.com.mx\/test\/catalogo\/"},{"@type":"ListItem","position":3,"name":"BIOFOSILIC"}]},{"@type":"WebSite","@id":"https:\/\/biologicosbm.com.mx\/test\/#website","url":"https:\/\/biologicosbm.com.mx\/test\/","name":"https:\/\/biologicosbm.com.mx\/","description":"Biol\u00f3gicos y Biotecnol\u00f3gias de M\u00e9xico SA de CV","publisher":{"@id":"https:\/\/biologicosbm.com.mx\/test\/#organization"},"potentialAction":[{"@type":"SearchAction","target":{"@type":"EntryPoint","urlTemplate":"https:\/\/biologicosbm.com.mx\/test\/?s={search_term_string}"},"query-input":{"@type":"PropertyValueSpecification","valueRequired":true,"valueName":"search_term_string"}}],"inLanguage":"es"},{"@type":"Organization","@id":"https:\/\/biologicosbm.com.mx\/test\/#organization","name":"Biol\u00f3gicos y Biotecnolog\u00edas de M\u00e9xico S.A. de C.V.","url":"https:\/\/biologicosbm.com.mx\/test\/","logo":{"@type":"ImageObject","inLanguage":"es","@id":"https:\/\/biologicosbm.com.mx\/test\/#\/schema\/logo\/image\/","url":"https:\/\/biologicosbm.com.mx\/test\/wp-content\/uploads\/2024\/06\/logo1.png","contentUrl":"https:\/\/biologicosbm.com.mx\/test\/wp-content\/uploads\/2024\/06\/logo1.png","width":512,"height":512,"caption":"Biol\u00f3gicos y Biotecnolog\u00edas de M\u00e9xico S.A. de C.V."},"image":{"@id":"https:\/\/biologicosbm.com.mx\/test\/#\/schema\/logo\/image\/"},"sameAs":["https:\/\/www.facebook.com\/biologicosbm"]}]}},"jetpack_sharing_enabled":true,"_links":{"self":[{"href":"https:\/\/biologicosbm.com.mx\/test\/wp-json\/wp\/v2\/product\/1113","targetHints":{"allow":["GET"]}}],"collection":[{"href":"https:\/\/biologicosbm.com.mx\/test\/wp-json\/wp\/v2\/product"}],"about":[{"href":"https:\/\/biologicosbm.com.mx\/test\/wp-json\/wp\/v2\/types\/product"}],"replies":[{"embeddable":true,"href":"https:\/\/biologicosbm.com.mx\/test\/wp-json\/wp\/v2\/comments?post=1113"}],"wp:featuredmedia":[{"embeddable":true,"href":"https:\/\/biologicosbm.com.mx\/test\/wp-json\/wp\/v2\/media\/1253"}],"wp:attachment":[{"href":"https:\/\/biologicosbm.com.mx\/test\/wp-json\/wp\/v2\/media?parent=1113"}],"wp:term":[{"taxonomy":"product_brand","embeddable":true,"href":"https:\/\/biologicosbm.com.mx\/test\/wp-json\/wp\/v2\/product_brand?post=1113"},{"taxonomy":"product_cat","embeddable":true,"href":"https:\/\/biologicosbm.com.mx\/test\/wp-json\/wp\/v2\/product_cat?post=1113"},{"taxonomy":"product_tag","embeddable":true,"href":"https:\/\/biologicosbm.com.mx\/test\/wp-json\/wp\/v2\/product_tag?post=1113"}],"curies":[{"name":"wp","href":"https:\/\/api.w.org\/{rel}","templated":true}]}}