{"id":39,"date":"2024-05-28T23:27:58","date_gmt":"2024-05-29T06:27:58","guid":{"rendered":"https:\/\/biologicosbm.com.mx\/test\/home\/"},"modified":"2025-07-09T15:54:56","modified_gmt":"2025-07-09T22:54:56","slug":"home","status":"publish","type":"page","link":"https:\/\/biologicosbm.com.mx\/test\/","title":{"rendered":"Home"},"content":{"rendered":"\n\n\n\n\n<p><strong>Tratamiento de agua<\/strong>. BBM ofrece una amplia gama de soluciones para el tratamiento de agua en diversas industrias.<br><br><strong>Soluciones agr\u00edcolas.<\/strong> Brinda a los agricultores<br>soluciones efectivas y sostenibles mediante la<br>biotecnolog\u00eda y minerales ricos en silicio para<br>mejorar los rendimientos de los cultivos y<br>protegerlos de plagas y enfermedades.<br><br><strong>Productos para la acuacultura.<\/strong> Atiende a la industria acu\u00edcola ofreciendo una gama completa de productos para camarones, peces y otras especies acu\u00e1ticas<br><br><br><\/p>\n\n\n\n\n\n<p><strong>Experiencia y conocimiento. <\/strong>BBM cuenta con un equipo de profesionales altamente calificados con m\u00e1s de 20 a\u00f1os de experiencia en los campos biol\u00f3gico y biotecnol\u00f3gico.<br><br><strong>Productos de alta calidad. <\/strong>BBM est\u00e1 comprometida con el suministro de productos de alta calidad que sean efectivos, seguros y amigables con el medio ambiente.<br><br><strong>Soporte t\u00e9cnico.<\/strong> BBM ofrece un completo soporte t\u00e9cnico a sus clientes, asegurando que comprendan c\u00f3mo usar sus productos y servicios de manera efectiva.<br><br><\/p>\n\n\n\n\n\n<p><strong>Eficiencia y productividad mejoradas.<\/strong> Los productos y servicios de BBM ayudan a los clientes a mejorar su eficiencia operativa y productividad.<br><br><strong>Mayores rendimientos de los cultivos y mejor salud animal.<\/strong> Las soluciones de BBM ayudan a los agricultores a lograr mayores rendimientos de los cultivos y mejorar la salud animal.<br><br><strong>Protecci\u00f3n del medio ambiente.<\/strong> La biotecnolog\u00eda<br>de BBM es considerada la mejor del mercado y est\u00e1 dise\u00f1ada para ser amigable con el medio ambiente, minimizando su impacto y promoviendo pr\u00e1cticas sostenibles.<\/p>\n\n\n\n\n\n\n\n<p>Lorem Ipsum has been the industry&#8217;s standard dummy text ever since the 1500s.<\/p>\n\n\n\n\n\n<h3>Nuestro compromiso con el ambiente<\/h3>\n\n\n\n<p class=\"justificado\">En Biol\u00f3gicos y Biotecnolog\u00edas de M\u00e9xico (BBM), la responsabilidad ambiental es un pilar fundamental de nuestra filosof\u00eda empresarial. Estamos comprometidos con el desarrollo de soluciones innovadoras y sostenibles que minimicen el impacto de nuestras actividades en el medio ambiente y contribuyan a la preservaci\u00f3n de los recursos naturales.<\/p>\n\n\n\n<p class=\"justificado\">En BBM, estamos convencidos de que la industria puede ser un motor de cambio hacia un futuro m\u00e1s sostenible. A trav\u00e9s de nuestro compromiso con la innovaci\u00f3n, la responsabilidad ambiental y la colaboraci\u00f3n, trabajamos para crear un futuro m\u00e1s verde para las generaciones venideras.<\/p>\n\n\n\n\n\n\n\n<h2>NUESTROS PRODUCTOS ESTRELLA<\/h2>\n\n\n\n\n\n\n\n<h4>Agr\u00edcola<\/h4>\n\n\n\n\n\n<h4>Acu\u00edcola<\/h4>\n\n\n\n\n\n<h4><strong><mark style=\"background-color:rgba(0, 0, 0, 0)\" class=\"has-inline-color has-black-color\">Limpieza<\/mark><\/strong><\/h4>\n\n\n\n\n\n<h4>Desinfecci\u00f3n<\/h4>\n\n\n\n\n\n\n\n\n\n<h4>C\u00f3mo funcionan nuestros productos<\/h4>\n\n\n\n<p>Los productos de BBM aprovechan el poder de los procesos biol\u00f3gicos naturales para ofrecer soluciones efectivas, sostenibles y amigables con el medio ambiente para diversos desaf\u00edos en las industrias agr\u00edcola, acu\u00edcola y de tratamiento de agua. <\/p>\n\n\n\n\n\n<p>Lorem Ipsum has been the industry&#8217;s standard dummy text ever since the 1500s.<\/p>\n\n\n\n\n\n\n\n\n\n<h2>Porqu\u00e9 la biotecnolog\u00eda es una opci\u00f3n<\/h2>\n\n\n\n\n\nLa biotecnolog\u00eda permite atacar problemas de forma espec\u00edfica y eficiente, utilizando herramientas moleculares y organismos vivos para obtener soluciones precisas.\n\n\n\n\n\nOfrece alternativas sostenibles y amigables con el medio ambiente, reduciendo el uso de qu\u00edmicos nocivos y promoviendo pr\u00e1cticas ecol\u00f3gicas.\n\n\n\n\n\nSu naturaleza innovadora permite desarrollar soluciones creativas y adaptables a diferentes necesidades y desaf\u00edos, buscando siempre la mejor alternativa.\n\n\n\n\n\nPosee un gran potencial para impactar positivamente en diversos sectores, desde la salud y la agricultura hasta la industria y el medio ambiente.\n\n\n\n\n\n\n\n\n\n\n\n\n\n\n\n\n\n\n\n\n\n<p><\/p>\n","protected":false},"excerpt":{"rendered":"","protected":false},"author":1,"featured_media":0,"parent":0,"menu_order":0,"comment_status":"closed","ping_status":"closed","template":"","meta":{"_acf_changed":false,"_et_pb_use_builder":"","_et_pb_old_content":"","_et_gb_content_width":"","footnotes":""},"class_list":["post-39","page","type-page","status-publish","hentry"],"acf":[],"yoast_head":"<!-- This site is optimized with the Yoast SEO plugin v25.6 - https:\/\/yoast.com\/wordpress\/plugins\/seo\/ -->\n<title>Home - BBM<\/title>\n<meta name=\"robots\" content=\"index, follow, max-snippet:-1, max-image-preview:large, max-video-preview:-1\" \/>\n<link rel=\"canonical\" href=\"https:\/\/biologicosbm.com.mx\/test\/\" \/>\n<meta property=\"og:locale\" content=\"es_ES\" \/>\n<meta property=\"og:type\" content=\"article\" \/>\n<meta property=\"og:title\" content=\"Home - BBM\" \/>\n<meta property=\"og:url\" content=\"https:\/\/biologicosbm.com.mx\/test\/\" \/>\n<meta property=\"og:site_name\" content=\"BBM\" \/>\n<meta property=\"article:publisher\" content=\"https:\/\/www.facebook.com\/biologicosbm\" \/>\n<meta property=\"article:modified_time\" content=\"2025-07-09T22:54:56+00:00\" \/>\n<meta name=\"twitter:card\" content=\"summary_large_image\" \/>\n<meta name=\"twitter:label1\" content=\"Tiempo de lectura\" \/>\n\t<meta name=\"twitter:data1\" content=\"3 minutos\" \/>\n<script type=\"application\/ld+json\" class=\"yoast-schema-graph\">{\"@context\":\"https:\/\/schema.org\",\"@graph\":[{\"@type\":\"WebPage\",\"@id\":\"https:\/\/biologicosbm.com.mx\/test\/\",\"url\":\"https:\/\/biologicosbm.com.mx\/test\/\",\"name\":\"Home - BBM\",\"isPartOf\":{\"@id\":\"https:\/\/biologicosbm.com.mx\/test\/#website\"},\"datePublished\":\"2024-05-29T06:27:58+00:00\",\"dateModified\":\"2025-07-09T22:54:56+00:00\",\"breadcrumb\":{\"@id\":\"https:\/\/biologicosbm.com.mx\/test\/#breadcrumb\"},\"inLanguage\":\"es\",\"potentialAction\":[{\"@type\":\"ReadAction\",\"target\":[\"https:\/\/biologicosbm.com.mx\/test\/\"]}]},{\"@type\":\"BreadcrumbList\",\"@id\":\"https:\/\/biologicosbm.com.mx\/test\/#breadcrumb\",\"itemListElement\":[{\"@type\":\"ListItem\",\"position\":1,\"name\":\"Portada\",\"item\":\"https:\/\/biologicosbm.com.mx\/test\/\"},{\"@type\":\"ListItem\",\"position\":2,\"name\":\"Home\"}]},{\"@type\":\"WebSite\",\"@id\":\"https:\/\/biologicosbm.com.mx\/test\/#website\",\"url\":\"https:\/\/biologicosbm.com.mx\/test\/\",\"name\":\"https:\/\/biologicosbm.com.mx\/\",\"description\":\"Biol\u00f3gicos y Biotecnol\u00f3gias de M\u00e9xico SA de CV\",\"publisher\":{\"@id\":\"https:\/\/biologicosbm.com.mx\/test\/#organization\"},\"potentialAction\":[{\"@type\":\"SearchAction\",\"target\":{\"@type\":\"EntryPoint\",\"urlTemplate\":\"https:\/\/biologicosbm.com.mx\/test\/?s={search_term_string}\"},\"query-input\":{\"@type\":\"PropertyValueSpecification\",\"valueRequired\":true,\"valueName\":\"search_term_string\"}}],\"inLanguage\":\"es\"},{\"@type\":\"Organization\",\"@id\":\"https:\/\/biologicosbm.com.mx\/test\/#organization\",\"name\":\"Biol\u00f3gicos y Biotecnolog\u00edas de M\u00e9xico S.A. de C.V.\",\"url\":\"https:\/\/biologicosbm.com.mx\/test\/\",\"logo\":{\"@type\":\"ImageObject\",\"inLanguage\":\"es\",\"@id\":\"https:\/\/biologicosbm.com.mx\/test\/#\/schema\/logo\/image\/\",\"url\":\"https:\/\/biologicosbm.com.mx\/test\/wp-content\/uploads\/2024\/06\/logo1.png\",\"contentUrl\":\"https:\/\/biologicosbm.com.mx\/test\/wp-content\/uploads\/2024\/06\/logo1.png\",\"width\":512,\"height\":512,\"caption\":\"Biol\u00f3gicos y Biotecnolog\u00edas de M\u00e9xico S.A. de C.V.\"},\"image\":{\"@id\":\"https:\/\/biologicosbm.com.mx\/test\/#\/schema\/logo\/image\/\"},\"sameAs\":[\"https:\/\/www.facebook.com\/biologicosbm\"]}]}<\/script>\n<!-- \/ Yoast SEO plugin. -->","yoast_head_json":{"title":"Home - BBM","robots":{"index":"index","follow":"follow","max-snippet":"max-snippet:-1","max-image-preview":"max-image-preview:large","max-video-preview":"max-video-preview:-1"},"canonical":"https:\/\/biologicosbm.com.mx\/test\/","og_locale":"es_ES","og_type":"article","og_title":"Home - BBM","og_url":"https:\/\/biologicosbm.com.mx\/test\/","og_site_name":"BBM","article_publisher":"https:\/\/www.facebook.com\/biologicosbm","article_modified_time":"2025-07-09T22:54:56+00:00","twitter_card":"summary_large_image","twitter_misc":{"Tiempo de lectura":"3 minutos"},"schema":{"@context":"https:\/\/schema.org","@graph":[{"@type":"WebPage","@id":"https:\/\/biologicosbm.com.mx\/test\/","url":"https:\/\/biologicosbm.com.mx\/test\/","name":"Home - BBM","isPartOf":{"@id":"https:\/\/biologicosbm.com.mx\/test\/#website"},"datePublished":"2024-05-29T06:27:58+00:00","dateModified":"2025-07-09T22:54:56+00:00","breadcrumb":{"@id":"https:\/\/biologicosbm.com.mx\/test\/#breadcrumb"},"inLanguage":"es","potentialAction":[{"@type":"ReadAction","target":["https:\/\/biologicosbm.com.mx\/test\/"]}]},{"@type":"BreadcrumbList","@id":"https:\/\/biologicosbm.com.mx\/test\/#breadcrumb","itemListElement":[{"@type":"ListItem","position":1,"name":"Portada","item":"https:\/\/biologicosbm.com.mx\/test\/"},{"@type":"ListItem","position":2,"name":"Home"}]},{"@type":"WebSite","@id":"https:\/\/biologicosbm.com.mx\/test\/#website","url":"https:\/\/biologicosbm.com.mx\/test\/","name":"https:\/\/biologicosbm.com.mx\/","description":"Biol\u00f3gicos y Biotecnol\u00f3gias de M\u00e9xico SA de CV","publisher":{"@id":"https:\/\/biologicosbm.com.mx\/test\/#organization"},"potentialAction":[{"@type":"SearchAction","target":{"@type":"EntryPoint","urlTemplate":"https:\/\/biologicosbm.com.mx\/test\/?s={search_term_string}"},"query-input":{"@type":"PropertyValueSpecification","valueRequired":true,"valueName":"search_term_string"}}],"inLanguage":"es"},{"@type":"Organization","@id":"https:\/\/biologicosbm.com.mx\/test\/#organization","name":"Biol\u00f3gicos y Biotecnolog\u00edas de M\u00e9xico S.A. de C.V.","url":"https:\/\/biologicosbm.com.mx\/test\/","logo":{"@type":"ImageObject","inLanguage":"es","@id":"https:\/\/biologicosbm.com.mx\/test\/#\/schema\/logo\/image\/","url":"https:\/\/biologicosbm.com.mx\/test\/wp-content\/uploads\/2024\/06\/logo1.png","contentUrl":"https:\/\/biologicosbm.com.mx\/test\/wp-content\/uploads\/2024\/06\/logo1.png","width":512,"height":512,"caption":"Biol\u00f3gicos y Biotecnolog\u00edas de M\u00e9xico S.A. de C.V."},"image":{"@id":"https:\/\/biologicosbm.com.mx\/test\/#\/schema\/logo\/image\/"},"sameAs":["https:\/\/www.facebook.com\/biologicosbm"]}]}},"jetpack_sharing_enabled":true,"_links":{"self":[{"href":"https:\/\/biologicosbm.com.mx\/test\/wp-json\/wp\/v2\/pages\/39","targetHints":{"allow":["GET"]}}],"collection":[{"href":"https:\/\/biologicosbm.com.mx\/test\/wp-json\/wp\/v2\/pages"}],"about":[{"href":"https:\/\/biologicosbm.com.mx\/test\/wp-json\/wp\/v2\/types\/page"}],"author":[{"embeddable":true,"href":"https:\/\/biologicosbm.com.mx\/test\/wp-json\/wp\/v2\/users\/1"}],"replies":[{"embeddable":true,"href":"https:\/\/biologicosbm.com.mx\/test\/wp-json\/wp\/v2\/comments?post=39"}],"version-history":[{"count":50,"href":"https:\/\/biologicosbm.com.mx\/test\/wp-json\/wp\/v2\/pages\/39\/revisions"}],"predecessor-version":[{"id":597,"href":"https:\/\/biologicosbm.com.mx\/test\/wp-json\/wp\/v2\/pages\/39\/revisions\/597"}],"wp:attachment":[{"href":"https:\/\/biologicosbm.com.mx\/test\/wp-json\/wp\/v2\/media?parent=39"}],"curies":[{"name":"wp","href":"https:\/\/api.w.org\/{rel}","templated":true}]}}