{"id":238,"date":"2024-06-18T16:56:18","date_gmt":"2024-06-18T23:56:18","guid":{"rendered":"https:\/\/biologicosbm.com.mx\/test\/?page_id=238"},"modified":"2025-10-08T19:23:37","modified_gmt":"2025-10-09T02:23:37","slug":"catalogo","status":"publish","type":"page","link":"https:\/\/biologicosbm.com.mx\/test\/catalogo\/","title":{"rendered":"Catalogo"},"content":{"rendered":"\n[et_pb_section][et_pb_row][et_pb_column type=\u00bb4_4&#8243;][et_pb_text]<!-- divi:pagelayer\/pl-row {\"pagelayer-id\":\"vwa4572\"} -->\n<!-- divi:pagelayer\/pl-col {\"col\":12,\"pagelayer-id\":\"qj21603\"} -->\n<!-- divi:list -->\n<ul><!-- divi:list-item -->\n<li><a data-type=\"page\" data-id=\"321\" href=\"https:\/\/biologicosbm.com.mx\/test\/biotecnologia-biobime\/\">Biotecnolog\u00eda<\/a><\/li>\n<!-- \/divi:list-item -->\n\n<!-- divi:list-item -->\n<li><a data-type=\"page\" data-id=\"77\" href=\"https:\/\/biologicosbm.com.mx\/test\/agricola\/\">Agricola<\/a><\/li>\n<!-- \/divi:list-item -->\n\n<!-- divi:list-item -->\n<li><a href=\"https:\/\/biologicosbm.com.mx\/test\/acuicola\/\" data-type=\"page\" data-id=\"78\">Acuicola<\/a><\/li>\n<!-- \/divi:list-item -->\n\n<!-- divi:list-item -->\n<li><a href=\"https:\/\/biologicosbm.com.mx\/test\/limpieza\/\" data-type=\"page\" data-id=\"242\">Limpieza<\/a><\/li>\n<!-- \/divi:list-item -->\n\n<!-- divi:list-item -->\n<li><a data-type=\"page\" data-id=\"80\" href=\"https:\/\/biologicosbm.com.mx\/test\/desinfeccion\/\">Desinfecci\u00f3n<\/a><\/li>\n<!-- \/divi:list-item --><\/ul>\n<!-- \/divi:list -->\n<!-- \/divi:pagelayer\/pl-col -->\n<!-- \/divi:pagelayer\/pl-row -->[\/et_pb_text][\/et_pb_column][\/et_pb_row][\/et_pb_section]\n","protected":false},"excerpt":{"rendered":"<p><div class=\"et_pb_section et_pb_section_0 et_section_regular\" >\n\t\t\t\t\n\t\t\t\t\n\t\t\t\t\n\t\t\t\t\n\t\t\t\t\n\t\t\t\t\n\t\t\t\t\n\t\t\t\t\n\t\t\t\t\n\t\t\t<\/div><div class=\"et_pb_row et_pb_row_0 et_pb_row_empty\">\n\t\t\t\t\n\t\t\t\t\n\t\t\t\t\n\t\t\t\t\n\t\t\t\t\n\t\t\t<\/div><div class=\"et_pb_module et_pb_text et_pb_text_0  et_pb_text_align_left et_pb_bg_layout_light\">\n\t\t\t\t\n\t\t\t\t\n\t\t\t\t\n\t\t\t\t\n\t\t\t\t\n\t\t\t<\/div> Biotecnolog\u00eda Agricola Acuicola Limpieza Desinfecci\u00f3n<\/p>\n","protected":false},"author":1,"featured_media":0,"parent":0,"menu_order":0,"comment_status":"closed","ping_status":"closed","template":"","meta":{"_acf_changed":false,"_et_pb_use_builder":"on","_et_pb_old_content":"<!-- wp:pagelayer\/pl-row {\"pagelayer-id\":\"vwa4572\"} -->\n<!-- wp:pagelayer\/pl-col {\"col\":12,\"pagelayer-id\":\"qj21603\"} -->\n<!-- wp:list -->\n<ul><!-- wp:list-item -->\n<li><a data-type=\"page\" data-id=\"321\" href=\"https:\/\/biologicosbm.com.mx\/test\/biotecnologia-biobime\/\">Biotecnolog\u00eda<\/a><\/li>\n<!-- \/wp:list-item -->\n\n<!-- wp:list-item -->\n<li><a data-type=\"page\" data-id=\"77\" href=\"https:\/\/biologicosbm.com.mx\/test\/agricola\/\">Agricola<\/a><\/li>\n<!-- \/wp:list-item -->\n\n<!-- wp:list-item -->\n<li><a href=\"https:\/\/biologicosbm.com.mx\/test\/acuicola\/\" data-type=\"page\" data-id=\"78\">Acuicola<\/a><\/li>\n<!-- \/wp:list-item -->\n\n<!-- wp:list-item -->\n<li><a href=\"https:\/\/biologicosbm.com.mx\/test\/limpieza\/\" data-type=\"page\" data-id=\"242\">Limpieza<\/a><\/li>\n<!-- \/wp:list-item -->\n\n<!-- wp:list-item -->\n<li><a data-type=\"page\" data-id=\"80\" href=\"https:\/\/biologicosbm.com.mx\/test\/desinfeccion\/\">Desinfecci\u00f3n<\/a><\/li>\n<!-- \/wp:list-item --><\/ul>\n<!-- \/wp:list -->\n<!-- \/wp:pagelayer\/pl-col -->\n<!-- \/wp:pagelayer\/pl-row -->","_et_gb_content_width":"","footnotes":""},"class_list":["post-238","page","type-page","status-publish","hentry"],"acf":[],"yoast_head":"<!-- This site is optimized with the Yoast SEO plugin v25.6 - https:\/\/yoast.com\/wordpress\/plugins\/seo\/ -->\n<title>Catalogo - BBM<\/title>\n<meta name=\"robots\" content=\"index, follow, max-snippet:-1, max-image-preview:large, max-video-preview:-1\" \/>\n<link rel=\"canonical\" href=\"https:\/\/biologicosbm.com.mx\/test\/catalogo\/\" \/>\n<meta property=\"og:locale\" content=\"es_ES\" \/>\n<meta property=\"og:type\" content=\"article\" \/>\n<meta property=\"og:title\" content=\"Catalogo - BBM\" \/>\n<meta property=\"og:description\" content=\"Biotecnolog\u00eda Agricola Acuicola Limpieza Desinfecci\u00f3n\" \/>\n<meta property=\"og:url\" content=\"https:\/\/biologicosbm.com.mx\/test\/catalogo\/\" \/>\n<meta property=\"og:site_name\" content=\"BBM\" \/>\n<meta property=\"article:publisher\" content=\"https:\/\/www.facebook.com\/biologicosbm\" \/>\n<meta property=\"article:modified_time\" content=\"2025-10-09T02:23:37+00:00\" \/>\n<meta name=\"twitter:card\" content=\"summary_large_image\" \/>\n<meta name=\"twitter:label1\" content=\"Tiempo de lectura\" \/>\n\t<meta name=\"twitter:data1\" content=\"1 minuto\" \/>\n<script type=\"application\/ld+json\" class=\"yoast-schema-graph\">{\"@context\":\"https:\/\/schema.org\",\"@graph\":[{\"@type\":\"WebPage\",\"@id\":\"https:\/\/biologicosbm.com.mx\/test\/catalogo\/\",\"url\":\"https:\/\/biologicosbm.com.mx\/test\/catalogo\/\",\"name\":\"Catalogo - BBM\",\"isPartOf\":{\"@id\":\"https:\/\/biologicosbm.com.mx\/test\/#website\"},\"datePublished\":\"2024-06-18T23:56:18+00:00\",\"dateModified\":\"2025-10-09T02:23:37+00:00\",\"breadcrumb\":{\"@id\":\"https:\/\/biologicosbm.com.mx\/test\/catalogo\/#breadcrumb\"},\"inLanguage\":\"es\",\"potentialAction\":[{\"@type\":\"ReadAction\",\"target\":[\"https:\/\/biologicosbm.com.mx\/test\/catalogo\/\"]}]},{\"@type\":\"BreadcrumbList\",\"@id\":\"https:\/\/biologicosbm.com.mx\/test\/catalogo\/#breadcrumb\",\"itemListElement\":[{\"@type\":\"ListItem\",\"position\":1,\"name\":\"Portada\",\"item\":\"https:\/\/biologicosbm.com.mx\/test\/\"},{\"@type\":\"ListItem\",\"position\":2,\"name\":\"Catalogo\"}]},{\"@type\":\"WebSite\",\"@id\":\"https:\/\/biologicosbm.com.mx\/test\/#website\",\"url\":\"https:\/\/biologicosbm.com.mx\/test\/\",\"name\":\"https:\/\/biologicosbm.com.mx\/\",\"description\":\"Biol\u00f3gicos y Biotecnol\u00f3gias de M\u00e9xico SA de CV\",\"publisher\":{\"@id\":\"https:\/\/biologicosbm.com.mx\/test\/#organization\"},\"potentialAction\":[{\"@type\":\"SearchAction\",\"target\":{\"@type\":\"EntryPoint\",\"urlTemplate\":\"https:\/\/biologicosbm.com.mx\/test\/?s={search_term_string}\"},\"query-input\":{\"@type\":\"PropertyValueSpecification\",\"valueRequired\":true,\"valueName\":\"search_term_string\"}}],\"inLanguage\":\"es\"},{\"@type\":\"Organization\",\"@id\":\"https:\/\/biologicosbm.com.mx\/test\/#organization\",\"name\":\"Biol\u00f3gicos y Biotecnolog\u00edas de M\u00e9xico S.A. de C.V.\",\"url\":\"https:\/\/biologicosbm.com.mx\/test\/\",\"logo\":{\"@type\":\"ImageObject\",\"inLanguage\":\"es\",\"@id\":\"https:\/\/biologicosbm.com.mx\/test\/#\/schema\/logo\/image\/\",\"url\":\"https:\/\/biologicosbm.com.mx\/test\/wp-content\/uploads\/2024\/06\/logo1.png\",\"contentUrl\":\"https:\/\/biologicosbm.com.mx\/test\/wp-content\/uploads\/2024\/06\/logo1.png\",\"width\":512,\"height\":512,\"caption\":\"Biol\u00f3gicos y Biotecnolog\u00edas de M\u00e9xico S.A. de C.V.\"},\"image\":{\"@id\":\"https:\/\/biologicosbm.com.mx\/test\/#\/schema\/logo\/image\/\"},\"sameAs\":[\"https:\/\/www.facebook.com\/biologicosbm\"]}]}<\/script>\n<!-- \/ Yoast SEO plugin. -->","yoast_head_json":{"title":"Catalogo - BBM","robots":{"index":"index","follow":"follow","max-snippet":"max-snippet:-1","max-image-preview":"max-image-preview:large","max-video-preview":"max-video-preview:-1"},"canonical":"https:\/\/biologicosbm.com.mx\/test\/catalogo\/","og_locale":"es_ES","og_type":"article","og_title":"Catalogo - BBM","og_description":"Biotecnolog\u00eda Agricola Acuicola Limpieza Desinfecci\u00f3n","og_url":"https:\/\/biologicosbm.com.mx\/test\/catalogo\/","og_site_name":"BBM","article_publisher":"https:\/\/www.facebook.com\/biologicosbm","article_modified_time":"2025-10-09T02:23:37+00:00","twitter_card":"summary_large_image","twitter_misc":{"Tiempo de lectura":"1 minuto"},"schema":{"@context":"https:\/\/schema.org","@graph":[{"@type":"WebPage","@id":"https:\/\/biologicosbm.com.mx\/test\/catalogo\/","url":"https:\/\/biologicosbm.com.mx\/test\/catalogo\/","name":"Catalogo - BBM","isPartOf":{"@id":"https:\/\/biologicosbm.com.mx\/test\/#website"},"datePublished":"2024-06-18T23:56:18+00:00","dateModified":"2025-10-09T02:23:37+00:00","breadcrumb":{"@id":"https:\/\/biologicosbm.com.mx\/test\/catalogo\/#breadcrumb"},"inLanguage":"es","potentialAction":[{"@type":"ReadAction","target":["https:\/\/biologicosbm.com.mx\/test\/catalogo\/"]}]},{"@type":"BreadcrumbList","@id":"https:\/\/biologicosbm.com.mx\/test\/catalogo\/#breadcrumb","itemListElement":[{"@type":"ListItem","position":1,"name":"Portada","item":"https:\/\/biologicosbm.com.mx\/test\/"},{"@type":"ListItem","position":2,"name":"Catalogo"}]},{"@type":"WebSite","@id":"https:\/\/biologicosbm.com.mx\/test\/#website","url":"https:\/\/biologicosbm.com.mx\/test\/","name":"https:\/\/biologicosbm.com.mx\/","description":"Biol\u00f3gicos y Biotecnol\u00f3gias de M\u00e9xico SA de CV","publisher":{"@id":"https:\/\/biologicosbm.com.mx\/test\/#organization"},"potentialAction":[{"@type":"SearchAction","target":{"@type":"EntryPoint","urlTemplate":"https:\/\/biologicosbm.com.mx\/test\/?s={search_term_string}"},"query-input":{"@type":"PropertyValueSpecification","valueRequired":true,"valueName":"search_term_string"}}],"inLanguage":"es"},{"@type":"Organization","@id":"https:\/\/biologicosbm.com.mx\/test\/#organization","name":"Biol\u00f3gicos y Biotecnolog\u00edas de M\u00e9xico S.A. de C.V.","url":"https:\/\/biologicosbm.com.mx\/test\/","logo":{"@type":"ImageObject","inLanguage":"es","@id":"https:\/\/biologicosbm.com.mx\/test\/#\/schema\/logo\/image\/","url":"https:\/\/biologicosbm.com.mx\/test\/wp-content\/uploads\/2024\/06\/logo1.png","contentUrl":"https:\/\/biologicosbm.com.mx\/test\/wp-content\/uploads\/2024\/06\/logo1.png","width":512,"height":512,"caption":"Biol\u00f3gicos y Biotecnolog\u00edas de M\u00e9xico S.A. de C.V."},"image":{"@id":"https:\/\/biologicosbm.com.mx\/test\/#\/schema\/logo\/image\/"},"sameAs":["https:\/\/www.facebook.com\/biologicosbm"]}]}},"jetpack_sharing_enabled":true,"_links":{"self":[{"href":"https:\/\/biologicosbm.com.mx\/test\/wp-json\/wp\/v2\/pages\/238","targetHints":{"allow":["GET"]}}],"collection":[{"href":"https:\/\/biologicosbm.com.mx\/test\/wp-json\/wp\/v2\/pages"}],"about":[{"href":"https:\/\/biologicosbm.com.mx\/test\/wp-json\/wp\/v2\/types\/page"}],"author":[{"embeddable":true,"href":"https:\/\/biologicosbm.com.mx\/test\/wp-json\/wp\/v2\/users\/1"}],"replies":[{"embeddable":true,"href":"https:\/\/biologicosbm.com.mx\/test\/wp-json\/wp\/v2\/comments?post=238"}],"version-history":[{"count":7,"href":"https:\/\/biologicosbm.com.mx\/test\/wp-json\/wp\/v2\/pages\/238\/revisions"}],"predecessor-version":[{"id":1203,"href":"https:\/\/biologicosbm.com.mx\/test\/wp-json\/wp\/v2\/pages\/238\/revisions\/1203"}],"wp:attachment":[{"href":"https:\/\/biologicosbm.com.mx\/test\/wp-json\/wp\/v2\/media?parent=238"}],"curies":[{"name":"wp","href":"https:\/\/api.w.org\/{rel}","templated":true}]}}